{"id":60,"date":"2023-10-23T21:32:48","date_gmt":"2023-10-23T19:32:48","guid":{"rendered":"https:\/\/juliencoudraysoudure.fr\/?page_id=60"},"modified":"2025-07-18T10:01:45","modified_gmt":"2025-07-18T08:01:45","slug":"accueil","status":"publish","type":"page","link":"https:\/\/juliencoudraysoudure.fr\/","title":{"rendered":"Accueil"},"content":{"rendered":"\n<p>Julien Coudray Soudure est une entreprise de m\u00e9tallerie cr\u00e9\u00e9e en 2023. La comp\u00e9tence des techniques de soudure ouvre de larges possibilit\u00e9s de cr\u00e9ations : portails, verri\u00e8res, marquises, mobiliers, escaliers, garde-corps, rembardes et bien d&#8217;autres choses encore.<\/p>\n\n\n\n<p>Que vous soyez professionnel dans le milieu agricole, l&#8217;artisanat ou autre vous pouvez cr\u00e9er, modifier, am\u00e9liorer vos outils ou votre espace de travail.<\/p>\n\n\n\n<p>Pour chaque projet,  le temps sera pris pour une \u00e9laboration pertinente de vos souhaits. Il est possible de r\u00e9aliser des dessins techniques afin d&#8217;aller dans le d\u00e9tail avant  la fabrication, pour les projets le n\u00e9cessitant.<\/p>\n\n\n\n<p>Thermolaquage, d\u00e9coupe laser, fournisseur en quincaillerie : un soin particulier est apport\u00e9 dans le choix des partenaires professionnels afin d&#8217;assurer un travail de qualit\u00e9.<\/p>\n\n\n\n<p>, <\/p>\n","protected":false},"excerpt":{"rendered":"<p>Julien Coudray Soudure est une entreprise de m\u00e9tallerie cr\u00e9\u00e9e en 2023. La comp\u00e9tence des techniques de soudure ouvre de larges possibilit\u00e9s de cr\u00e9ations : portails, verri\u00e8res, marquises, mobiliers, escaliers, garde-corps, rembardes et bien d&#8217;autres choses encore. Que vous soyez professionnel dans le milieu agricole, l&#8217;artisanat ou autre vous pouvez cr\u00e9er, modifier, am\u00e9liorer vos outils ou &hellip; <\/p>\n<p class=\"link-more\"><a href=\"https:\/\/juliencoudraysoudure.fr\/\" class=\"more-link\">Continue reading<span class=\"screen-reader-text\"> &#8220;Accueil&#8221;<\/span><\/a><\/p>\n","protected":false},"author":2,"featured_media":0,"parent":0,"menu_order":0,"comment_status":"closed","ping_status":"closed","template":"","meta":{"footnotes":""},"class_list":["post-60","page","type-page","status-publish","hentry"],"_links":{"self":[{"href":"https:\/\/juliencoudraysoudure.fr\/index.php\/wp-json\/wp\/v2\/pages\/60","targetHints":{"allow":["GET"]}}],"collection":[{"href":"https:\/\/juliencoudraysoudure.fr\/index.php\/wp-json\/wp\/v2\/pages"}],"about":[{"href":"https:\/\/juliencoudraysoudure.fr\/index.php\/wp-json\/wp\/v2\/types\/page"}],"author":[{"embeddable":true,"href":"https:\/\/juliencoudraysoudure.fr\/index.php\/wp-json\/wp\/v2\/users\/2"}],"replies":[{"embeddable":true,"href":"https:\/\/juliencoudraysoudure.fr\/index.php\/wp-json\/wp\/v2\/comments?post=60"}],"version-history":[{"count":8,"href":"https:\/\/juliencoudraysoudure.fr\/index.php\/wp-json\/wp\/v2\/pages\/60\/revisions"}],"predecessor-version":[{"id":284,"href":"https:\/\/juliencoudraysoudure.fr\/index.php\/wp-json\/wp\/v2\/pages\/60\/revisions\/284"}],"wp:attachment":[{"href":"https:\/\/juliencoudraysoudure.fr\/index.php\/wp-json\/wp\/v2\/media?parent=60"}],"curies":[{"name":"wp","href":"https:\/\/api.w.org\/{rel}","templated":true}]}}