{"id":215,"date":"2024-04-17T19:35:30","date_gmt":"2024-04-17T17:35:30","guid":{"rendered":"https:\/\/juliencoudraysoudure.fr\/?page_id=215"},"modified":"2025-04-23T09:58:48","modified_gmt":"2025-04-23T07:58:48","slug":"demandes-particulieres","status":"publish","type":"page","link":"https:\/\/juliencoudraysoudure.fr\/index.php\/demandes-particulieres\/","title":{"rendered":"Demandes particuli\u00e8res"},"content":{"rendered":"\n<figure class=\"wp-block-gallery has-nested-images columns-default is-cropped wp-block-gallery-1 is-layout-flex wp-block-gallery-is-layout-flex\">\n<figure class=\"wp-block-image size-large\"><img loading=\"lazy\" decoding=\"async\" width=\"768\" height=\"1024\" data-id=\"206\" src=\"https:\/\/juliencoudraysoudure.fr\/wp-content\/uploads\/2024\/04\/20240409_181051-768x1024.jpg\" alt=\"\" class=\"wp-image-206\" srcset=\"https:\/\/juliencoudraysoudure.fr\/wp-content\/uploads\/2024\/04\/20240409_181051-768x1024.jpg 768w, https:\/\/juliencoudraysoudure.fr\/wp-content\/uploads\/2024\/04\/20240409_181051-225x300.jpg 225w, https:\/\/juliencoudraysoudure.fr\/wp-content\/uploads\/2024\/04\/20240409_181051-1152x1536.jpg 1152w, https:\/\/juliencoudraysoudure.fr\/wp-content\/uploads\/2024\/04\/20240409_181051-1536x2048.jpg 1536w, https:\/\/juliencoudraysoudure.fr\/wp-content\/uploads\/2024\/04\/20240409_181051-scaled.jpg 1920w\" sizes=\"auto, (max-width: 767px) 89vw, (max-width: 1000px) 54vw, (max-width: 1071px) 543px, 580px\" \/><figcaption class=\"wp-element-caption\">De 1.30 m \u00e0 2m<\/figcaption><\/figure>\n\n\n\n<figure class=\"wp-block-image size-large\"><img loading=\"lazy\" decoding=\"async\" width=\"768\" height=\"1024\" data-id=\"197\" src=\"https:\/\/juliencoudraysoudure.fr\/wp-content\/uploads\/2024\/04\/20240409_181020-768x1024.jpg\" alt=\"\" class=\"wp-image-197\" srcset=\"https:\/\/juliencoudraysoudure.fr\/wp-content\/uploads\/2024\/04\/20240409_181020-768x1024.jpg 768w, https:\/\/juliencoudraysoudure.fr\/wp-content\/uploads\/2024\/04\/20240409_181020-225x300.jpg 225w, https:\/\/juliencoudraysoudure.fr\/wp-content\/uploads\/2024\/04\/20240409_181020-1152x1536.jpg 1152w, https:\/\/juliencoudraysoudure.fr\/wp-content\/uploads\/2024\/04\/20240409_181020-1536x2048.jpg 1536w, https:\/\/juliencoudraysoudure.fr\/wp-content\/uploads\/2024\/04\/20240409_181020-scaled.jpg 1920w\" sizes=\"auto, (max-width: 767px) 89vw, (max-width: 1000px) 54vw, (max-width: 1071px) 543px, 580px\" \/><figcaption class=\"wp-element-caption\">Stand de march\u00e9 r\u00e9glable en hauteur et en longueur. R\u00e9pond aux besoins d&#8217;un commer\u00e7ant ambulant .  <\/figcaption><\/figure>\n<\/figure>\n\n\n\n<figure class=\"wp-block-gallery has-nested-images columns-default is-cropped wp-block-gallery-2 is-layout-flex wp-block-gallery-is-layout-flex\"><\/figure>\n\n\n\n<figure class=\"wp-block-image size-large\"><img loading=\"lazy\" decoding=\"async\" width=\"768\" height=\"1024\" src=\"http:\/\/juliencoudraysoudure.fr\/wp-content\/uploads\/2024\/09\/20240916_150344-768x1024.jpg\" alt=\"\" class=\"wp-image-221\" srcset=\"https:\/\/juliencoudraysoudure.fr\/wp-content\/uploads\/2024\/09\/20240916_150344-768x1024.jpg 768w, https:\/\/juliencoudraysoudure.fr\/wp-content\/uploads\/2024\/09\/20240916_150344-225x300.jpg 225w, https:\/\/juliencoudraysoudure.fr\/wp-content\/uploads\/2024\/09\/20240916_150344-1152x1536.jpg 1152w, https:\/\/juliencoudraysoudure.fr\/wp-content\/uploads\/2024\/09\/20240916_150344-1536x2048.jpg 1536w, https:\/\/juliencoudraysoudure.fr\/wp-content\/uploads\/2024\/09\/20240916_150344-scaled.jpg 1920w\" sizes=\"auto, (max-width: 767px) 89vw, (max-width: 1000px) 54vw, (max-width: 1071px) 543px, 580px\" \/><figcaption class=\"wp-element-caption\">Demande d&#8217;une entreprise de ma\u00e7onnerie pour gratter des murs en terre. Sur mesure pour adapter \u00e0  leur outil.<\/figcaption><\/figure>\n\n\n\n<figure class=\"wp-block-image size-large\"><img loading=\"lazy\" decoding=\"async\" width=\"768\" height=\"1024\" src=\"http:\/\/juliencoudraysoudure.fr\/wp-content\/uploads\/2025\/04\/20241120_153046-768x1024.jpg\" alt=\"\" class=\"wp-image-280\" srcset=\"https:\/\/juliencoudraysoudure.fr\/wp-content\/uploads\/2025\/04\/20241120_153046-768x1024.jpg 768w, https:\/\/juliencoudraysoudure.fr\/wp-content\/uploads\/2025\/04\/20241120_153046-225x300.jpg 225w, https:\/\/juliencoudraysoudure.fr\/wp-content\/uploads\/2025\/04\/20241120_153046-1152x1536.jpg 1152w, https:\/\/juliencoudraysoudure.fr\/wp-content\/uploads\/2025\/04\/20241120_153046-1536x2048.jpg 1536w, https:\/\/juliencoudraysoudure.fr\/wp-content\/uploads\/2025\/04\/20241120_153046-scaled.jpg 1920w\" sizes=\"auto, (max-width: 767px) 89vw, (max-width: 1000px) 54vw, (max-width: 1071px) 543px, 580px\" \/><figcaption class=\"wp-element-caption\">Deuxi\u00e8me plateau pour des ma\u00e7ons terre qui leurs permettra d&#8217;avoir un rendu plus fin. <\/figcaption><\/figure>\n\n\n\n<figure class=\"wp-block-image size-large\"><img loading=\"lazy\" decoding=\"async\" width=\"768\" height=\"1024\" src=\"http:\/\/juliencoudraysoudure.fr\/wp-content\/uploads\/2025\/04\/20250317_121358-768x1024.jpg\" alt=\"\" class=\"wp-image-252\" srcset=\"https:\/\/juliencoudraysoudure.fr\/wp-content\/uploads\/2025\/04\/20250317_121358-768x1024.jpg 768w, https:\/\/juliencoudraysoudure.fr\/wp-content\/uploads\/2025\/04\/20250317_121358-225x300.jpg 225w, https:\/\/juliencoudraysoudure.fr\/wp-content\/uploads\/2025\/04\/20250317_121358-1152x1536.jpg 1152w, https:\/\/juliencoudraysoudure.fr\/wp-content\/uploads\/2025\/04\/20250317_121358-1536x2048.jpg 1536w, https:\/\/juliencoudraysoudure.fr\/wp-content\/uploads\/2025\/04\/20250317_121358-scaled.jpg 1920w\" sizes=\"auto, (max-width: 767px) 89vw, (max-width: 1000px) 54vw, (max-width: 1071px) 543px, 580px\" \/><figcaption class=\"wp-element-caption\">Rampes de remorque de porte engin pour un poids lourd.<\/figcaption><\/figure>\n\n\n\n<figure class=\"wp-block-image size-large\"><img loading=\"lazy\" decoding=\"async\" width=\"768\" height=\"1024\" src=\"http:\/\/juliencoudraysoudure.fr\/wp-content\/uploads\/2025\/04\/20250317_121350-768x1024.jpg\" alt=\"\" class=\"wp-image-253\" srcset=\"https:\/\/juliencoudraysoudure.fr\/wp-content\/uploads\/2025\/04\/20250317_121350-768x1024.jpg 768w, https:\/\/juliencoudraysoudure.fr\/wp-content\/uploads\/2025\/04\/20250317_121350-225x300.jpg 225w, https:\/\/juliencoudraysoudure.fr\/wp-content\/uploads\/2025\/04\/20250317_121350-1152x1536.jpg 1152w, https:\/\/juliencoudraysoudure.fr\/wp-content\/uploads\/2025\/04\/20250317_121350-1536x2048.jpg 1536w, https:\/\/juliencoudraysoudure.fr\/wp-content\/uploads\/2025\/04\/20250317_121350-scaled.jpg 1920w\" sizes=\"auto, (max-width: 767px) 89vw, (max-width: 1000px) 54vw, (max-width: 1071px) 543px, 580px\" \/><figcaption class=\"wp-element-caption\">Travail effectu\u00e9 pour une entreprise de travaux publics.<\/figcaption><\/figure>\n","protected":false},"excerpt":{"rendered":"","protected":false},"author":2,"featured_media":0,"parent":0,"menu_order":0,"comment_status":"closed","ping_status":"closed","template":"","meta":{"footnotes":""},"class_list":["post-215","page","type-page","status-publish","hentry"],"_links":{"self":[{"href":"https:\/\/juliencoudraysoudure.fr\/index.php\/wp-json\/wp\/v2\/pages\/215","targetHints":{"allow":["GET"]}}],"collection":[{"href":"https:\/\/juliencoudraysoudure.fr\/index.php\/wp-json\/wp\/v2\/pages"}],"about":[{"href":"https:\/\/juliencoudraysoudure.fr\/index.php\/wp-json\/wp\/v2\/types\/page"}],"author":[{"embeddable":true,"href":"https:\/\/juliencoudraysoudure.fr\/index.php\/wp-json\/wp\/v2\/users\/2"}],"replies":[{"embeddable":true,"href":"https:\/\/juliencoudraysoudure.fr\/index.php\/wp-json\/wp\/v2\/comments?post=215"}],"version-history":[{"count":6,"href":"https:\/\/juliencoudraysoudure.fr\/index.php\/wp-json\/wp\/v2\/pages\/215\/revisions"}],"predecessor-version":[{"id":282,"href":"https:\/\/juliencoudraysoudure.fr\/index.php\/wp-json\/wp\/v2\/pages\/215\/revisions\/282"}],"wp:attachment":[{"href":"https:\/\/juliencoudraysoudure.fr\/index.php\/wp-json\/wp\/v2\/media?parent=215"}],"curies":[{"name":"wp","href":"https:\/\/api.w.org\/{rel}","templated":true}]}}